t are the prime factors of 910?
2, 5, 7, 13
List the prime factors of 10302.
2, 3, 17, 101
What are the prime factors of 3198?
2, 3, 13, 41
List the prime factors of 1506.
2, 3, 251
What are the prime factors of 31079?
31079
What are the prime factors of 2888?
2, 19
What are the prime factors of 4147?
11, 13, 29
List the prime factors of 1058.
2, 23
What are the prime factors of 31548?
2, 3, 11, 239
List the prime factors of 265.
5, 53
List the prime factors of 506.
2, 11, 23
What are the prime factors of 2766?
2, 3, 461
List the prime factors of 22138.
2, 11069
List the prime factors of 55053.
3, 2039
What are the prime factors of 5716?
2, 1429
List the prime factors of 2407.
29, 83
List the prime factors of 134975.
5, 5399
List the prime factors of 14420.
2, 5, 7, 103
List the prime factors of 15707.
113, 139
What are the prime factors of 6192?
2, 3, 43
What are the prime factors of 36223?
11, 37, 89
List the prime factors of 26847.
3, 19, 157
What are the prime factors of 2541?
3, 7, 11
List the prime factors of 382.
2, 191
What are the prime factors of 20059?
13, 1543
What are the prime factors of 3870?
2, 3, 5, 43
What are the prime factors of 3289?
11, 13, 23
List the prime factors of 155196.
2, 3, 479
What are the prime factors of 2185?
5, 19, 23
List the prime factors of 1199.
11, 109
List the prime factors of 1048.
2, 131
What are the prime factors of 32?
2
What are the prime factors of 7984?
2, 499
List the prime factors of 3912.
2, 3, 163
What are the prime factors of 1157?
13, 89
What are the prime factors of 8939?
7, 1277
List the prime factors of 56220.
2, 3, 5, 937
List the prime factors of 638.
2, 11, 29
List the prime factors of 2237.
2237
List the prime factors of 9146.
2, 17, 269
What are the prime factors of 1000?
2, 5
What are the prime factors of 29562?
2, 3, 13, 379
What are the prime factors of 48198?
2, 3, 29, 277
List the prime factors of 1511.
1511
What are the prime factors of 12529?
11, 17, 67
List the prime factors of 626.
2, 313
What are the prime factors of 4319?
7, 617
What are the prime factors of 104?
2, 13
What are the prime factors of 1081?
23, 47
What are the prime factors of 17481?
3, 5827
What are the prime factors of 53683?
7, 7669
List the prime factors of 16459.
109, 151
What are the prime factors of 48096?
2, 3, 167
What are the prime factors of 932?
2, 233
What are the prime factors of 2241?
3, 83
List the prime factors of 9714.
2, 3, 1619
List the prime factors of 1652.
2, 7, 59
List the prime factors of 9532.
2, 2383
List the prime factors of 61337.
83, 739
List the prime factors of 12313.
7, 1759
List the prime factors of 3069.
3, 11, 31
What are the prime factors of 4409?
4409
List the prime factors of 28023.
3, 9341
What are the prime factors of 48261?
3, 16087
List the prime factors of 58257.
3, 6473
List the prime factors of 6693.
3, 23, 97
What are the prime factors of 128906?
2, 64453
List the prime factors of 4411.
11, 401
List the prime factors of 1732.
2, 433
List the prime factors of 98396.
2, 17, 1447
List the prime factors of 4879.
7, 17, 41
List the prime factors of 18307.
18307
What are the prime factors of 14821?
14821
What are the prime factors of 26873?
7, 11, 349
List the prime factors of 2511.
3, 31
List the prime factors of 1423.
1423
List the prime factors of 4008.
2, 3, 167
What are the prime factors of 15369?
3, 47, 109
What are the prime factors of 2443?
7, 349
What are the prime factors of 43312?
2, 2707
What are the prime factors of 668?
2, 167
What are the prime factors of 1133?
11, 103
What are the prime factors of 8549?
83, 103
List the prime factors of 37579.
37579
What are the prime factors of 536?
2, 67
What are the prime factors of 813?
3, 271
What are the prime factors of 104794?
2, 151, 347
What are the prime factors of 1427?
1427
List the prime factors of 5474.
2, 7, 17, 23
List the prime factors of 11447.
11447
What are the prime factors of 56320?
2, 5, 11
List the prime factors of 8914.
2, 4457
What are the prime factors of 114087?
3, 17, 2237
List the prime factors of 7458.
2, 3, 11, 113
What are the prime factors of 1051?
1051
What are the prime factors of 2390?
2, 5, 239
List the prime factors of 12582.
2, 3, 233
What are the prime factors of 438?
2, 3, 73
What are the prime factors of 572?
2, 11, 13
What are the prime factors of 3693?
3, 1231
List the prime factors of 15995.
5, 7, 457
List the prime factors of 3730.
2, 5, 373
List the prime factors of 8624.
2, 7, 11
What are the prime factors of 1956?
2, 3, 163
What are the prime factors of 1053?
3, 13
List the prime factors of 45524.
2, 19, 599
List the prime factors of 10204.
2, 2551
List the prime factors of 126.
2, 3, 7
List the prime factors of 107.
107
List the prime factors of 91704.
2, 3, 3821
List the prime factors of 2459.
2459
List the prime factors of 6802.
2, 19, 179
What are the prime factors of 78277?
78277
List the prime factors of 51.
3, 17
List the prime factors of 1272.
2, 3, 53
What are the prime factors of 1828?
2, 457
List the prime factors of 6038.
2, 3019
What are the prime factors of 4506?
2, 3, 751
List the prime factors of 36499.
17, 19, 113
List the prime factors of 1109.
1109
List the prime factors of 15716.
2, 3929
List the prime factors of 1841.
7, 263
What are the prime factors of 5752?
2, 719
What are the prime factors of 537?
3, 179
What are the prime factors of 6505?
5, 1301
List the prime factors of 13594.
2, 7, 971
What are the prime factors of 9633?
3, 13, 19
List the prime factors of 1268.
2, 317
What are the prime factors of 2980?
2, 5, 149
What are the prime factors of 61732?
2, 11, 23, 61
List the prime factors of 15590.
2, 5, 1559
List the prime factors of 114.
2, 3, 19
What are the prime factors of 466?
2, 233
List the prime factors of 30750.
2, 3, 5, 41
List the prime factors of 1401.
3, 467
What are the prime factors of 18884?
2, 4721
List the prime factors of 4845.
3, 5, 17, 19
List the prime factors of 88546.
2, 44273
What are the prime factors of 2116?
2, 23
What are the prime factors of 30223?
30223
What are the prime factors of 9256?
2, 13, 89
What are the prime factors of 631?
631
What are the prime factors of 49458?
2, 3, 8243
What are the prime factors of 11022?
2, 3, 11, 167
What are the prime factors of 24784?
2, 1549
What are the prime factors of 20747?
20747
List the prime factors of 4652.
2, 1163
List the prime factors of 1323.
3, 7
List the prime factors of 1514.
2, 757
What are the prime factors of 5610?
2, 3, 5, 11, 17
List the prime factors of 49504.
2, 7, 13, 17
What are the prime factors of 32844?
2, 3, 7, 17, 23
List the prime factors of 3663.
3, 11, 37
What are the prime factors of 5250?
2, 3, 5, 7
List the prime factors of 220.
2, 5, 11
List the prime factors of 8064.
2, 3, 7
What are the prime factors of 415?
5, 83
What are the prime factors of 4828?
2, 17, 71
List the prime factors of 47308.
2, 11827
What are the prime factors of 14898?
2, 3, 13, 191
List the prime factors of 150707.
150707
What are the prime factors of 98505?
3, 5, 11, 199
List the prime factors of 30886.
2, 15443
What are the prime factors of 19533?
3, 17, 383
What are the prime factors of 172858?
2, 7, 12347
List the prime factors of 6330.
2, 3, 5, 211
What are the prime factors of 12918?
2, 3, 2153
What are the prime factors of 11976?
2, 3, 499
What are the prime factors of 32170?
2, 5, 3217
List the prime factors of 48459.
3, 29, 557
What are the prime factors of 18694?
2, 13, 719
What are the prime factors of 1694?
2, 7, 11
List the prime factors of 10950.
2, 3, 5, 73
List the prime factors of 33789.
3, 7, 1609
What are the prime factors of 617?
617
List the prime factors of 134019.
3, 14891
List the prime factors of 29154.
2, 3, 43, 113
List the prime factors of 927.
3, 103
List the prime factors of 2076.
2, 3, 173
List the prime factors of 85288.
2, 7, 1523
List the prime factors of 1087.
1087
What are the prime factors of 1802?
2, 17, 53
List the prime factors of 2423.
2423
List the prime factors of 5432.
2, 7, 97
List the prime factors of 60338.
2, 30169
List the prime factors of 2961.
3, 7, 47
List the prime factors of 10552.
2, 1319
List the prime factors of 41434.
2, 20717
What are the prime factors of 79?
79
What are the prime factors of 6268?
2, 1567